0
What is the ten thousands digit of 488632?
8
What is the ten thousands digit of 3677345?
7
What is the ten thousands digit of 182040?
8
What is the hundreds digit of 560741?
7
What is the thousands digit of 1002166?
2
What is the thousands digit of 6546242?
6
What is the units digit of 15558791?
1
What is the hundreds digit of 873487?
4
What is the ten thousands digit of 152100?
5
What is the hundred thousands digit of 585833?
5
What is the tens digit of 720195?
9
What is the hundred thousands digit of 1233209?
2
What is the hundred thousands digit of 104294?
1
What is the hundred thousands digit of 389394?
3
What is the millions digit of 9021584?
9
What is the ten thousands digit of 14076?
1
What is the millions digit of 3519797?
3
What is the thousands digit of 315884?
5
What is the thousands digit of 10193940?
3
What is the millions digit of 1698755?
1
What is the units digit of 437391?
1
What is the hundred thousands digit of 4578353?
5
What is the tens digit of 325207?
0
What is the units digit of 2591625?
5
What is the tens digit of 438595?
9
What is the tens digit of 19019423?
2
What is the tens digit of 354916?
1
What is the tens digit of 564044?
4
What is the hundred thousands digit of 3464220?
4
What is the tens digit of 367696?
9
What is the tens digit of 6230516?
1
What is the thousands digit of 551272?
1
What is the thousands digit of 10355508?
5
What is the ten thousands digit of 118239?
1
What is the ten thousands digit of 217701?
1
What is the ten thousands digit of 11822038?
2
What is the units digit of 373084?
4
What is the hundred thousands digit of 431903?
4
What is the hundreds digit of 19049834?
8
What is the ten thousands digit of 36851?
3
What is the hundred thousands digit of 162762?
1
What is the hundreds digit of 14800975?
9
What is the hundreds digit of 201459?
4
What is the tens digit of 493559?
5
What is the thousands digit of 80294?
0
What is the ten thousands digit of 561943?
6
What is the ten millions digit of 35608236?
3
What is the hundred thousands digit of 286867?
2
What is the units digit of 641478?
8
What is the units digit of 797767?
7
What is the hundred thousands digit of 1070435?
0
What is the hundreds digit of 4165828?
8
What is the units digit of 909789?
9
What is the millions digit of 5293637?
5
What is the tens digit of 238020?
2
What is the hundred thousands digit of 7162318?
1
What is the hundred thousands digit of 213011?
2
What is the tens digit of 26994919?
1
What is the units digit of 46749?
9
What is the hundred thousands digit of 3131715?
1
What is the ten thousands digit of 56935?
5
What is the hundreds digit of 10750054?
0
What is the ten thousands digit of 7926420?
2
What is the hundreds digit of 6835789?
7
What is the ten thousands digit of 1123608?
2
What is the tens digit of 8491716?
1
What is the units digit of 44583?
3
What is the hundred thousands digit of 9189780?
1
What is the units digit of 17747151?
1
What is the units digit of 341050?
0
What is the thousands digit of 8414972?
4
What is the ten thousands digit of 5390804?
9
What is the ten thousands digit of 20553877?
5
What is the thousands digit of 333202?
3
What is the ten thousands digit of 3915584?
1
What is the thousands digit of 5642421?
2
What is the tens digit of 11229158?
5
What is the thousands digit of 2726475?
6
What is the units digit of 83362?
2
What is the tens digit of 3663212?
1
What is the ten thousands digit of 12685351?
8
What is the ten thousands digit of 269321?
6
What is the hundreds digit of 1330125?
1
What is the hundred thousands digit of 1186731?
1
What is the tens digit of 3360123?
2
What is the millions digit of 10452640?
0
What is the hundred thousands digit of 1942970?
9
What is the thousands digit of 11376?
1
What is the hundreds digit of 2050152?
1
What is the ten thousands digit of 604817?
0
What is the units digit of 1796711?
1
What is the hundred thousands digit of 574700?
5
What is the hundreds digit of 829270?
2
What is the units digit of 7712?
2
What is the millions digit of 6277459?
6
What is the ten thousands digit of 947448?
4
What is the hundred thousands digit of 2279683?
2
What is the thousands digit of 3599876?
9
What is the ten thousands digit of 642156?
4
What is the millions digit of 7037680?
7
What is the units digit of 3109306?
6
What is the ten thousands digit of 2857163?
5
What is the thousands digit of 8358997?
8
What is the hundred thousands digit of 171077?
1
What is the units digit of 737426?
6
What is the hundred thousands digit of 979006?
9
What is the ten thousands digit of 69976?
6
What is the thousands digit of 1820?
1
What is the thousands digit of 6418603?
8
What is the ten millions digit of 13247635?
1
What is the units digit of 183109?
9
What is the thousands digit of 8304585?
4
What is the hundreds digit of 70740?
7
What is the ten thousands digit of 134764?
3
What is the hundreds digit of 1150908?
9
What is the ten thousands digit of 496180?
9
What is the ten thousands digit of 413551?
1
What is the hundreds digit of 860700?
7
What is the ten thousands digit of 68208?
6
What is the hundreds digit of 108336?
3
What is the millions digit of 2062798?
2
What is the units digit of 858710?
0
What is the thousands digit of 1834251?
4
What is the units digit of 1637601?
1
What is the hundreds digit of 3049513?
5
What is the ten thousands digit of 2343165?
4
What is the thousands digit of 7236806?
6
What is the hundred thousands digit of 2764782?
7
What is the ten thousands digit of 396505?
9
What is the units digit of 1178052?
2
What is the hundreds digit of 175618?
6
What is the hundred thousands digit of 864058?
8
What is the units digit of 176925?
5
What is the hundreds digit of 232049?
0
What is the ten thousands digit of 246065?
4
What is the hundred thousands digit of 6338146?
3
What is the thousands digit of 187063?
7
What is the units digit of 421415?
5
What is the thousands digit of 742080?
2
What is the units digit of 346277?
7
What is the millions digit of 2299179?
2
What is the tens digit of 3941703?
0
What is the hundred thousands digit of 761685?
7
What is the hundred thousands digit of 2926538?
9
What is the ten thousands digit of 307347?
0
What is the hundred thousands digit of 170341?
1
What is the thousands digit of 1703794?
3
What is the tens digit of 392659?
5
What is the thousands digit of 463924?
3
What is the thousands digit of 8422801?
2
What is the tens digit of 2793834?
3
What is the ten thousands digit of 1080750?
8
What is the hundreds digit of 13541221?
2
What is the hundreds digit of 1041739?
7
What is the hundreds digit of 926836?
8
What is the hundreds digit of 456747?
7
What is the hundred thousands digit of 1590220?
5
What is the hundreds digit of 31832029?
0
What is the hundreds digit of 75031?
0
What is the units digit of 910112?
2
What is the tens digit of 174051?
5
What is the units digit of 5604393?
3
What is the hundred thousands digit of 692597?
6
What is the ten thousands digit of 193363?
9
What is the ten thousands digit of 464484?
6
What is the tens digit of 676913?
1
What is the thousands digit of 400833?
0
What is the units digit of 236730?
0
What is the millions digit of 5645574?
5
What is the hundred thousands digit of 7194219?
1
What is the tens digit of 394311?
1
What is the hundred thousands digit of 2599139?
5
What is the thousands digit of 214793?
4
What is the ten thousands digit of 4581101?
8
What is the hundreds digit of 9543136?
1
What is the ten thousands digit of 450277?
5
What is the hundreds digit of 6565899?
8
What is the thousands digit of 4256458?
6
What is the hundreds digit of 4289480?
4
What is the tens digit of 176192?
9
What is the thousands digit of 149976?
9
What is the hundreds digit of 22004?
0
What is the hundred thousands digit of 160469?
1
What is the thousands digit of 1570679?
0
What is the ten millions digit of 11479848?
1
What is the ten thousands digit of 247327?
4
What is the ten thousands digit of 2288823?
8
What is the hundreds digit of 62340?
3
What is the units digit of 116367?
7
What is the thousands digit of 7082981?
2
What is the units digit of 70815?
5
What is the hundred thousands digit of 6528061?
5
What is the tens digit of 401320?
2
What is the thousands digit of 8053